{"id":6,"date":"2007-11-27T21:28:50","date_gmt":"2007-11-27T20:28:50","guid":{"rendered":"http:\/\/www.rudolstadt-web.de\/SE\/?page_id=6"},"modified":"2010-12-23T17:19:07","modified_gmt":"2010-12-23T16:19:07","slug":"7up","status":"publish","type":"page","link":"http:\/\/www.schillers-erben.info\/?page_id=6","title":{"rendered":"&#8211; 7up"},"content":{"rendered":"<p style=\"text-align: justify;\">Mit 7up begann der Kurs &#8222;Darstellen und Gestalten&#8220; an der Schillerschule. Die \u00c4ra endete mit der Auff\u00fchrung des St\u00fcckes &#8222;Abflug&#8220; zum 15. Sch\u00fclertheatertreffen im Juni 2008.<\/p>\n<p><a href=\"http:\/\/www.rudolstadt-web.de\/SE\/wp-content\/uploads\/2008\/06\/dsc05707.jpg\"><img loading=\"lazy\" decoding=\"async\" class=\"alignnone size-full wp-image-107\" title=\"dsc05707\" src=\"http:\/\/www.rudolstadt-web.de\/SE\/wp-content\/uploads\/2008\/06\/dsc05707.jpg\" alt=\"\" width=\"500\" height=\"375\" srcset=\"http:\/\/www.rudolstadt-web.de\/SE\/wp-content\/uploads\/2008\/06\/dsc05707.jpg 640w, http:\/\/www.rudolstadt-web.de\/SE\/wp-content\/uploads\/2008\/06\/dsc05707-300x225.jpg 300w\" sizes=\"auto, (max-width: 500px) 100vw, 500px\" \/><\/a><\/p>\n<p><a href=\"http:\/\/www.rudolstadt-web.de\/SE\/wp-content\/uploads\/2008\/06\/dsc05709.jpg\"><img loading=\"lazy\" decoding=\"async\" class=\"alignnone size-full wp-image-110\" title=\"dsc05709\" src=\"http:\/\/www.rudolstadt-web.de\/SE\/wp-content\/uploads\/2008\/06\/dsc05709.jpg\" alt=\"\" width=\"480\" height=\"640\" srcset=\"http:\/\/www.rudolstadt-web.de\/SE\/wp-content\/uploads\/2008\/06\/dsc05709.jpg 480w, http:\/\/www.rudolstadt-web.de\/SE\/wp-content\/uploads\/2008\/06\/dsc05709-225x300.jpg 225w\" sizes=\"auto, (max-width: 480px) 100vw, 480px\" \/><\/a><\/p>\n<p><a href=\"http:\/\/www.rudolstadt-web.de\/SE\/wp-content\/uploads\/2008\/06\/dsc05708.jpg\"><img loading=\"lazy\" decoding=\"async\" class=\"alignnone size-full wp-image-109\" title=\"dsc05708\" src=\"http:\/\/www.rudolstadt-web.de\/SE\/wp-content\/uploads\/2008\/06\/dsc05708.jpg\" alt=\"\" width=\"500\" height=\"375\" srcset=\"http:\/\/www.rudolstadt-web.de\/SE\/wp-content\/uploads\/2008\/06\/dsc05708.jpg 640w, http:\/\/www.rudolstadt-web.de\/SE\/wp-content\/uploads\/2008\/06\/dsc05708-300x225.jpg 300w\" sizes=\"auto, (max-width: 500px) 100vw, 500px\" \/><\/a><\/p>\n<p><a href=\"http:\/\/www.rudolstadt-web.de\/SE\/wp-content\/uploads\/2008\/06\/dsc05710.jpg\"><img loading=\"lazy\" decoding=\"async\" class=\"alignnone size-full wp-image-108\" title=\"dsc05710\" src=\"http:\/\/www.rudolstadt-web.de\/SE\/wp-content\/uploads\/2008\/06\/dsc05710.jpg\" alt=\"\" width=\"480\" height=\"640\" srcset=\"http:\/\/www.rudolstadt-web.de\/SE\/wp-content\/uploads\/2008\/06\/dsc05710.jpg 480w, http:\/\/www.rudolstadt-web.de\/SE\/wp-content\/uploads\/2008\/06\/dsc05710-225x300.jpg 225w\" sizes=\"auto, (max-width: 480px) 100vw, 480px\" \/><\/a><\/p>\n","protected":false},"excerpt":{"rendered":"<p>Mit 7up begann der Kurs &#8222;Darstellen und Gestalten&#8220; an der Schillerschule. Die \u00c4ra endete mit der Auff\u00fchrung des St\u00fcckes &#8222;Abflug&#8220; zum 15. Sch\u00fclertheatertreffen im Juni 2008.<\/p>\n","protected":false},"author":1,"featured_media":0,"parent":5,"menu_order":3,"comment_status":"closed","ping_status":"closed","template":"","meta":{"footnotes":""},"class_list":["post-6","page","type-page","status-publish","hentry"],"_links":{"self":[{"href":"http:\/\/www.schillers-erben.info\/index.php?rest_route=\/wp\/v2\/pages\/6","targetHints":{"allow":["GET"]}}],"collection":[{"href":"http:\/\/www.schillers-erben.info\/index.php?rest_route=\/wp\/v2\/pages"}],"about":[{"href":"http:\/\/www.schillers-erben.info\/index.php?rest_route=\/wp\/v2\/types\/page"}],"author":[{"embeddable":true,"href":"http:\/\/www.schillers-erben.info\/index.php?rest_route=\/wp\/v2\/users\/1"}],"replies":[{"embeddable":true,"href":"http:\/\/www.schillers-erben.info\/index.php?rest_route=%2Fwp%2Fv2%2Fcomments&post=6"}],"version-history":[{"count":0,"href":"http:\/\/www.schillers-erben.info\/index.php?rest_route=\/wp\/v2\/pages\/6\/revisions"}],"up":[{"embeddable":true,"href":"http:\/\/www.schillers-erben.info\/index.php?rest_route=\/wp\/v2\/pages\/5"}],"wp:attachment":[{"href":"http:\/\/www.schillers-erben.info\/index.php?rest_route=%2Fwp%2Fv2%2Fmedia&parent=6"}],"curies":[{"name":"wp","href":"https:\/\/api.w.org\/{rel}","templated":true}]}}