{"id":3,"date":"2007-11-27T21:25:05","date_gmt":"2007-11-27T20:25:05","guid":{"rendered":"http:\/\/www.rudolstadt-web.de\/SE\/?page_id=3"},"modified":"2010-12-29T18:08:30","modified_gmt":"2010-12-29T17:08:30","slug":"uber-uns","status":"publish","type":"page","link":"http:\/\/www.schillers-erben.info\/?page_id=3","title":{"rendered":"\u00dcber uns"},"content":{"rendered":"<p class=\"MsoNormal\">Herzlich Willkommen<\/p>\n<p>Begonnen hat alles 2001. Damals wurde die Arbeitsgemeinschaft &#8222;Culture Club&#8220; an der Schillerschule durch Frau Bernhardt und ein paar interessierte Sch\u00fcler gegr\u00fcndet. Immer mehr kamen dazu.<\/p>\n<p>Die ersten Schritte waren durch unersch\u00fctterliches Interesse, Mut und Neugier gepr\u00e4gt. Ein Meilenstein wurde mit dem St\u00fcck &#8220; Todesspiele&#8220;\u009d gesetzt. Wir waren damals \u00fcberrascht, welchen Spa\u00df unsere Auff\u00fchrung den Zuschauern machte und endpfanden den Applaus als gr\u00f6\u00dfte Belohnung.<\/p>\n<p>Es folgte eine Reihe von Auff\u00fchrungen von selbst entwickelten und inszenierten St\u00fccken. 2004 bestand dann die M\u00f6glichkeit, die Arbeitsgemeinschaft in einem neu geschaffenen Wahlpflichtfach (&#8222;Darstellen und Gestalten&#8220; ) weiterzuf\u00fchren.<\/p>\n<p>Ja, und dann ging es erst so richtig los -:) ..und was wir von nun an fabrizierten und in Zukunft vorhaben, seht ihr auf den nachfolgenden Seiten.<\/p>\n<p>Viel Spa\u00df beim St\u00f6bern!<\/p>\n<p>Die Theatergruppe(n) der Friedrich-Schiller-Schule Rudolstadt<\/p>\n","protected":false},"excerpt":{"rendered":"<p>Herzlich Willkommen Begonnen hat alles 2001. Damals wurde die Arbeitsgemeinschaft &#8222;Culture Club&#8220; an der Schillerschule durch Frau Bernhardt und ein paar interessierte Sch\u00fcler gegr\u00fcndet. Immer mehr kamen dazu. Die ersten Schritte waren durch unersch\u00fctterliches Interesse, Mut und Neugier gepr\u00e4gt. Ein Meilenstein wurde mit dem St\u00fcck &#8220; Todesspiele&#8220;\u009d gesetzt. Wir waren damals \u00fcberrascht, welchen Spa\u00df unsere [&hellip;]<\/p>\n","protected":false},"author":1,"featured_media":0,"parent":0,"menu_order":0,"comment_status":"closed","ping_status":"closed","template":"","meta":{"footnotes":""},"class_list":["post-3","page","type-page","status-publish","hentry"],"_links":{"self":[{"href":"http:\/\/www.schillers-erben.info\/index.php?rest_route=\/wp\/v2\/pages\/3","targetHints":{"allow":["GET"]}}],"collection":[{"href":"http:\/\/www.schillers-erben.info\/index.php?rest_route=\/wp\/v2\/pages"}],"about":[{"href":"http:\/\/www.schillers-erben.info\/index.php?rest_route=\/wp\/v2\/types\/page"}],"author":[{"embeddable":true,"href":"http:\/\/www.schillers-erben.info\/index.php?rest_route=\/wp\/v2\/users\/1"}],"replies":[{"embeddable":true,"href":"http:\/\/www.schillers-erben.info\/index.php?rest_route=%2Fwp%2Fv2%2Fcomments&post=3"}],"version-history":[{"count":0,"href":"http:\/\/www.schillers-erben.info\/index.php?rest_route=\/wp\/v2\/pages\/3\/revisions"}],"wp:attachment":[{"href":"http:\/\/www.schillers-erben.info\/index.php?rest_route=%2Fwp%2Fv2%2Fmedia&parent=3"}],"curies":[{"name":"wp","href":"https:\/\/api.w.org\/{rel}","templated":true}]}}