{"id":11,"date":"2007-11-27T21:32:03","date_gmt":"2007-11-27T20:32:03","guid":{"rendered":"http:\/\/www.rudolstadt-web.de\/SE\/?page_id=11"},"modified":"2010-12-23T17:31:10","modified_gmt":"2010-12-23T16:31:10","slug":"ak-2056","status":"publish","type":"page","link":"http:\/\/www.schillers-erben.info\/?page_id=11","title":{"rendered":"&#8211; AK 2056"},"content":{"rendered":"<p align=\"justify\">AK 2056 war in mehrfacher Hinsicht etwas Einmaliges: erstens auf Grund der irrsinnig knappen Entstehungs- und Probezeit (Ende Mai bis Anfang Juli); zweitens als einziges St\u00fcck, das wir mit DREI (!!!) verschiedenen Besetzungen ein\u00fcbten und auff\u00fchrten. &#8211; Warum tun sich Menschen so etwas an, k\u00f6nnten Au\u00dfenstehende jetzt fragen.<\/p>\n<p align=\"justify\">Hier ein Erkl\u00e4rungsversuch:<\/p>\n<p align=\"justify\">Unser vorheriges St\u00fcck &#8222;Die Andere(n)&#8220; kam zwar beim Sch\u00fclertheatertreffen prima an, war wegen seiner Suizidproblematik allerdings als &#8222;Rausschmei\u00dfer&#8220; f\u00fcr die Schulabg\u00e4nger ein wenig ZU d\u00fcster . Au\u00dferdem waren drei Zehntkl\u00e4ssler beteiligt, die den freudvollen Anlass als Zuschauer genie\u00dfen sollten. So musste ein eher heiteres St\u00fcck her, m\u00f6glichst aber mit nachdenklichem Hintergrund, in das wir eine Menge Zeitbez\u00fcge einbauten; und zwar zu Themen, die die Darsteller und -wie wir hofften- auch das Publikum tangierten. Die Bandbreite reichte von A wie Atomkraft \u00fcber R wie Rechtschreibreform bis Z wie Zeugnisnote, auch diverse &#8222;Problem-&#8220; B\u00e4ren und Menschen wurden bedacht.<\/p>\n<p align=\"justify\">Bleibt  noch die Frage nach dem Sinn der drei Besetzungen. Ganz einfach- ihr solltet halt alle vor den verdienten Ferien noch einmal auf die B\u00fchne. Keiner sollte zu kurz kommen; au\u00dferdem sollten Flexibilit\u00e4t und Teamgeist gef\u00f6rdert werden. Dass das Zusammenf\u00fchren von 7up und NG teilweise therapeutisches Handeln von mir verlangen w\u00fcrde, war mir zuvor nicht bewusst. ( Und doch: wir haben es letztendlich gepackt, das gro\u00dfe Miteinander in der bunten Vielfalt! Aus heutiger Sicht erscheint mir das Ganze etwas zu statisch, aber das Publikum ging richtig sch\u00f6n mit und lachte netterweise an den richtigen Stellen, erinnert ihr euch?)<\/p>\n<p align=\"justify\">Hoch leben die edlen Ziele&#8230;, aber heute verrate ich euch, dass ich euch und mir Derartiges  ( d r e i Versionen in d i e s e r Zeit) wohl nicht wieder aufb\u00fcrden w\u00fcrde. Das hat man davon, wenn man immer neue, originelle, sozusagen ma\u00dfgeschneiderte St\u00fccke zustande bringen will. Wir sind ja auch selbst schuld, stimmt&#8217;s?!<\/p>\n<p><object classid=\"clsid:d27cdb6e-ae6d-11cf-96b8-444553540000\" width=\"400\" height=\"315\" codebase=\"http:\/\/download.macromedia.com\/pub\/shockwave\/cabs\/flash\/swflash.cab#version=6,0,40,0\"><param name=\"src\" value=\"http:\/\/www.humyo.com\/E\/3028375-148160275\" \/><embed type=\"application\/x-shockwave-flash\" width=\"400\" height=\"315\" src=\"http:\/\/www.humyo.com\/E\/3028375-148160275\"><\/embed><\/object><\/p>\n","protected":false},"excerpt":{"rendered":"<p>AK 2056 war in mehrfacher Hinsicht etwas Einmaliges: erstens auf Grund der irrsinnig knappen Entstehungs- und Probezeit (Ende Mai bis Anfang Juli); zweitens als einziges St\u00fcck, das wir mit DREI (!!!) verschiedenen Besetzungen ein\u00fcbten und auff\u00fchrten. &#8211; Warum tun sich Menschen so etwas an, k\u00f6nnten Au\u00dfenstehende jetzt fragen. Hier ein Erkl\u00e4rungsversuch: Unser vorheriges St\u00fcck &#8222;Die [&hellip;]<\/p>\n","protected":false},"author":1,"featured_media":0,"parent":9,"menu_order":0,"comment_status":"closed","ping_status":"closed","template":"","meta":{"footnotes":""},"class_list":["post-11","page","type-page","status-publish","hentry"],"_links":{"self":[{"href":"http:\/\/www.schillers-erben.info\/index.php?rest_route=\/wp\/v2\/pages\/11","targetHints":{"allow":["GET"]}}],"collection":[{"href":"http:\/\/www.schillers-erben.info\/index.php?rest_route=\/wp\/v2\/pages"}],"about":[{"href":"http:\/\/www.schillers-erben.info\/index.php?rest_route=\/wp\/v2\/types\/page"}],"author":[{"embeddable":true,"href":"http:\/\/www.schillers-erben.info\/index.php?rest_route=\/wp\/v2\/users\/1"}],"replies":[{"embeddable":true,"href":"http:\/\/www.schillers-erben.info\/index.php?rest_route=%2Fwp%2Fv2%2Fcomments&post=11"}],"version-history":[{"count":0,"href":"http:\/\/www.schillers-erben.info\/index.php?rest_route=\/wp\/v2\/pages\/11\/revisions"}],"up":[{"embeddable":true,"href":"http:\/\/www.schillers-erben.info\/index.php?rest_route=\/wp\/v2\/pages\/9"}],"wp:attachment":[{"href":"http:\/\/www.schillers-erben.info\/index.php?rest_route=%2Fwp%2Fv2%2Fmedia&parent=11"}],"curies":[{"name":"wp","href":"https:\/\/api.w.org\/{rel}","templated":true}]}}